- 31*o - 124. What is s(-27)?
-16
Let w(t) = -35*t**3 + t. What is w(-1)?
34
Let y(w) = 2*w - 10. Give y(8).
6
Let y(d) = -3*d**2 + 55*d - 46. What is y(17)?
22
Let a(o) = o**3 - 5*o**2 + o - 7. What is a(2)?
-17
Let j(n) = 4*n**2 + 42*n - 15. What is j(-11)?
7
Let k(x) = x**3 + 42*x**2 - 3*x - 118. What is k(-42)?
8
Let j(z) = z**3 - 8*z**2 + 10*z - 67. Calculate j(8).
13
Let i(a) = a**3 - 6*a**2 - 7*a - 16. Give i(7).
-16
Let r(t) = -t + 23. Calculate r(10).
13
Let x(y) = y**2 - 5*y - 8. What is x(8)?
16
Let i(w) = 3*w - 3. What is i(3)?
6
Let p(z) = -z**3 - 10*z**2 + 2*z + 7. Calculate p(-10).
-13
Let m(c) = -4*c - 4. Determine m(2).
-12
Let b(p) = -6*p + 90. Determine b(16).
-6
Let f(k) = -2*k**2 - 23*k + 19. What is f(-12)?
7
Let x(b) = -12*b + 66. Determine x(5).
6
Let j(q) = 2*q**3 - 9*q**2 + 4*q - 6. Calculate j(4).
-6
Let b(t) = -t**3 - 5*t**2 + 13*t + 30. Calculate b(-5).
-35
Let d(u) = u**3 - 5*u**2 + 6*u + 3. Give d(3).
3
Let v(x) = -x**2 - 8*x - 14. Calculate v(-7).
-7
Let c(o) = o**3 + 4*o**2 + 3*o + 41. Calculate c(-5).
1
Let h(o) = -o**2 + 9*o - 2. Determine h(9).
-2
Let n(t) = -14*t**2 - 2. Determine n(2).
-58
Let x(s) = 4*s**3 - 3*s**2 + 1. Calculate x(2).
21
Let n(b) = -b + 6. What is n(5)?
1
Let k(o) = 59*o - 157. What is k(3)?
20
Let p(o) = o**2 + 16*o + 15. Give p(-12).
-33
Let d(v) = -v**3 - 9*v**2 + 16*v + 55. Calculate d(-10).
-5
Let x(b) = -b**3 - 5*b**2 + 5*b - 5. Determine x(-6).
1
Let k(q) = 2*q**2 + 15*q - 12. Give k(0).
-12
Let j(p) = -p**2 + p + 753. Determine j(-27).
-3
Let y(b) = 6*b + 42. What is y(-5)?
12
Let w(v) = 5*v + 19. Calculate w(-4).
-1
Let w(i) = 4*i + 18. Calculate w(-9).
-18
Let r(f) = -2*f**3 - 13*f**2 + 10*f + 15. What is r(-7)?
-6
Let c(i) = i**3 - 5*i - 6. What is c(-2)?
-4
Let i(g) = -19*g**2 - g. Give i(-1).
-18
Let m(i) = -4*i**2 + 3*i - 3. Give m(2).
-13
Let o(v) = -v**3 + 37*v**2 + 211*v - 34. Calculate o(42).
8
Let w(k) = 15*k - 716. Calculate w(47).
-11
Let l(g) = 10*g - 15. Give l(1).
-5
Let n(g) = 7*g - 7. Determine n(2).
7
Let s(c) = -c**2 - 6*c + 8. What is s(-9)?
-19
Let z(p) = 3*p - 25. Determine z(12).
11
Let m(c) = -c**3 - 9*c**2 - 7*c + 2. Calculate m(-8).
-6
Let j(i) = -i**3 + 8*i**2 + 28*i - 92. What is j(10)?
-12
Let g(q) = q**3 - 26*q**2 - 153*q - 49. Give g(31).
13
Let o(x) = -2*x + 19. Give o(9).
1
Let a(n) = 20*n + 176. What is a(-9)?
-4
Let m(v) = 12*v - 351. Give m(30).
9
Let f(w) = w**2 + 7*w - 5. Give f(-5).
-15
Let p(l) = -l - 4. Give p(-6).
2
Let d(u) = u**2 - 6*u - 7. Determine d(11).
48
Let x(w) = 3*w - 5. Calculate x(3).
4
Let j(g) = -g**3 + 16*g**2 - 2*g + 29. Give j(16).
-3
Let m(g) = -g**3 - 23*g**2 + 80*g + 45. Give m(-26).
-7
Let v(n) = n**2 + 7*n - 2. What is v(-9)?
16
Let l(v) = -v**2 - 5*v + 11. What is l(-7)?
-3
Let j(k) = 4*k + 2. Calculate j(-2).
-6
Let m(w) = -w**3 - 4*w**2 + 2*w - 2. Calculate m(-4).
-10
Let v(s) = -s**2 + 6*s + 6. Give v(-3).
-21
Let r(z) = -26*z - 16. Give r(2).
-68
Let m(s) = -7*s**2 + s + 4. Determine m(-4).
-112
Let s(t) = t**3 - 12*t**2 - 40*t + 344. Determine s(13).
-7
Let b(s) = -2*s**2 + 6*s - 7. Give b(3).
-7
Let y(q) = -2*q**3 - 39*q**2 - 20*q - 29. Calculate y(-19).
-10
Let r(g) = g**2 - 5*g - 2. Give r(9).
34
Let x(s) = -s**3 - 14*s**2 + 13*s - 8. Determine x(-15).
22
Let o(m) = 2*m - 3. Determine o(6).
9
Let c(h) = -h**2 + 15*h - 32. Calculate c(13).
-6
Let i(v) = -4*v + 33. Calculate i(9).
-3
Let b(v) = -v**2 - 15*v - 4. Calculate b(-12).
32
Let u(p) = -p**3 + 7*p**2 - 3*p + 23. Determine u(7).
2
Let d(z) = -16*z + 55. Give d(9).
-89
Let p(u) = -u**3 - 8*u**2 - 15*u - 7. What is p(-4)?
-11
Let v(c) = -c**2 + 10*c - 11. Determine v(8).
5
Let v(z) = 2*z**2 - 6*z + 7. Determine v(3).
7
Let n(p) = -5*p - 25. Give n(-5).
0
Let g(v) = v**3 - 13*v**2 - 13*v - 13. Give g(14).
1
Let f(y) = -3*y**3 + y**2 + y. Give f(3).
-69
Let a(w) = 3*w**3 - 40*w**2 + 11*w + 15. What is a(13)?
-11
Let a(c) = c**3 - 8*c - 7. Give a(-1).
0
Let z(a) = 54*a - 1. Calculate z(-1).
-55
Let n(g) = 21*g + 9. Determine n(8).
177
Let z(y) = 11*y - 61. Calculate z(6).
5
Let u(p) = -7*p - 112. Determine u(-19).
21
Let g(o) = 23*o**2 + 5*o + 9. What is g(-2)?
91
Let n(i) = i**3 - 22*i**2 + 25*i - 28. What is n(21)?
56
Let w(z) = -z**3 - 9*z**2 + 10*z - 3. What is w(-10)?
-3
Let h(g) = 4*g - 3. Calculate h(-7).
-31
Let r(m) = 10*m**2 - 2*m + 1. Give r(1).
9
Let n(b) = -b**3 + 7*b**2 + 5*b - 29. What is n(6)?
37
Let x(k) = -k**3 + 3*k**2 + k + 5. Calculate x(4).
-7
Let u(r) = r**2 + 13*r + 9. Give u(-7).
-33
Let g(k) = 161*k - 2891. Give g(18).
7
Let m(g) = g**3 - 34*g**2 + 35*g - 62. Determine m(33).
4
Let i(p) = 16*p**3 - 4*p - 3. Calculate i(-1).
-15
Let v(k) = k**3 + 12*k**2 + 13*k + 20. Give v(-11).
-2
Let g(t) = -2*t**3 - 42*t**2 - t - 19. Determine g(-21).
2
Let l(v) = v**3 + 11*v**2 + v + 9. What is l(-11)?
-2
Let j(m) = -10*m**2 + 217*m + 7. Determine j(22).
-59
Let i(h) = -36*h - 1265. Determine i(-35).
-5
Let c(q) = -31*q - 404. Calculate c(-13).
-1
Let l(b) = 2*b + 9. Determine l(-7).
-5
Let y(k) = k**2 + 53*k + 257. Calculate y(-48).
17
Let z(g) = -g - 2. What is z(5)?
-7
Let n(d) = -7*d - 16. Determine n(0).
-16
Let h(n) = n**2 - 6*n - 1. Determine h(7).
6
Let u(a) = -13*a - 45. Determine u(-3).
-6
Let l(n) = -7*n**2 - n - 1. Calculate l(-1).
-7
Let a(b) = 23*b - 111. Calculate a(5).
4
Let d(y) = y - 18. What is d(11)?
-7
Let r(d) = -2*d - 3. Give r(3).
-9
Let k(h) = -3*h**3 - h**2 - 2*h - 3. What is k(-1)?
1
Let f(p) = -p**2 + 3*p + 12. Give f(11).
-76
Let t(j) = -j**2 + 7*j - 10. What is t(3)?
2
Let z(l) = l**3 + 9*l**2 + 19*l - 1. Give z(-6).
-7
Let u(x) = -x**3 + 10*x**2 + 10*x + 26. Give u(11).
15
Let a(z) = 3*z + 27. What is a(-16)?
-21
Let k(t) = 4*t + 9. Calculate k(5).
29
Let t(q) = -23*q**2 - q + 2. Calculate t(2).
-92
Let v(w) = -w**2 - 12*w - 23. Determine v(-9).
4
Let x(m) = -4*m**2 + 18*m - 38. Determine x(2).
-18
Let q(u) = -8*u**3 - 2*u**2 + 1. What is q(-1)?
7
Let q(k) = 10*k - 16. Determine q(1).
-6
Let b(d) = d**2 - 4*d - 1. Determine b(3).
-4
Let i(l) = 3*l**3 - l**2 - 9*l + 14. Determine i(4).
154
Let p(o) = 184*o - 1650. Determine p(9).
6
Let t(d) = 12*d - 58. What is t(8)?
38
Let y(z) = -5*z + 3. Give y(-3).
18
Let x(q) = -18*q + 4. Calculate x(-2).
40
Let f(n) = 2*n - 12. Give f(10).
8
Let z(g) = 20*g - 55. Calculate z(3).
5
Let m(y) = y**3 - 9*y**2 - 11*y + 7. Give m(10).
-3
Let b(m) = m**2 + m - 58. Determine b(7).
-2
Let f(q) = -22*q - 3. What is f(-2)?
41
Let c(u) = u**3 + 5*u**2 - 12*u - 18. Give c(-5).
42
Let x(h) = 4*h + 6. Give x(-5).
-14
Let z(t) = 6*t - 26. Give z(6).
10
Let v(c) = 4*c**2 + 72*c + 37. Calculate v(-17).
-31
Let s(b) = -b**3 + 29*b**2 - 138*b - 11. What is s(23)?
-11
Let s(n) = n**3 + 5*n**2 + 2*n. Determine s(-5).
-10
Let y(b) = -b**2 + b + 60. What is y(0)?
60
Let q(m) = -m**2 + 7*m - 5. What is q(6)?
1
Let s(j) = -j**2 - 7*j - 8. Determine s(-5).
2
Let i(a) = -a**2 + 4*a + 1. Calculate i(4).
1
Let h(g) = -g**2 + 3*g + 10. Determine h(11).
-78
Let s(m) = -24*m - 212. Determine s(-9).
4
Let w(x) = -x**2 - 6*x + 3. Give w(-7).
-4
Let a(y) = 3*y + 8. Give a(-8).
-16
Let r(w) = 2*w**2 + 51*w - 9. Calculate r(-26).
17
Let z(r) = 2*r**3 - 4*r**2 - 6*r + 5. Calculate z(3).
5
Let b(o) = o**3 + 4*o**2 - 9*o - 4. What is b(-4)?
32
Let y(u) = -u**3 + 2*u**2 + 4*u + 18. Determine y(4).
2
Let y(b) = -b**2 + b - 1. What is y(1)?
-1
Let d(r) = 17*r - 64. What is d(4)?
4
Let w(f) = f**3 + 8*f**2 + f + 9. Give w(-8).
1
Let x(p) = -p**3 - 9*p**2 - 27*p - 87. Determine x(-7).
4
Let y(p) = 22*p - 4. Calculate y(3).
62
Let p(d) = d**3 - 8*d**2 - 17*d - 10. What is p(10)?
20
Let r(c) = 2*c**2 + 19*c + 71. Calculate r(-9).
62
Let d(f) = -13*f - 62. Give d(-4).
-10
Let p(s) = 40*s**3 - s**2 + 2. Determine p(-1).
-39
Let w(b) = -b**2 + 6*b - 1. Calculate w(4).
7
Let r(o) = -12*o + 7. Determine r(1).
-5
Let g(f) = -f**2 - 2*f + 3. What is g(-4)?
-5
Let v(r) = r**3 + 3*r**2 - 42*r + 8. Calculate v(5).
-2
Let p(t) = -2*t**3 - 40*t**2 - 40*t - 22. Give p(-19).
16
Let w(i) = i**3 - 5*i - 5. Give w(-2).
-3
Let m(z) = -z**3 - 12*z**2 + 12*z + 16. What is m(-13)?
29
Let a(n) = n**3 + 5*n**2 + 2*n + 3. Give a(-3).
15
Let n(m) = -2*m - 32. What is n(-10)?
-12
Let r(h) = h**2 - 18*h - 27. Give r(-2).
13
Let j(l) = l**2 - 9